{"id":1515,"date":"2023-02-17T12:02:12","date_gmt":"2023-02-17T11:02:12","guid":{"rendered":"https:\/\/europeix.cat\/producto\/gall-san-pere\/"},"modified":"2023-04-05T12:58:28","modified_gmt":"2023-04-05T10:58:28","slug":"saint-pierre","status":"publish","type":"product","link":"https:\/\/europeix.cat\/fr\/produit\/saint-pierre\/","title":{"rendered":"SAINT PIERRE"},"content":{"rendered":"<p>Il s\u2019agit d\u2019un poisson au corps relativement court, haut, et comprim\u00e9 lat\u00e9ralement, avec des m\u00e2choires tr\u00e8s pro\u00e9minentes. Il est de couleur gris violac\u00e9 avec des reflets argent\u00e9s. Il a une grande tache noire au centre de chacun des flancs bord\u00e9s par une bande circulaire blanche.<\/p>\n<p>Il vit entre deux eaux, dans la zone c\u00f4ti\u00e8re, \u00e0 des profondeurs situ\u00e9es entre 10 et 50 m\u00e8tres, mais il peut descendre jusqu\u2019\u00e0 200 m, ou monter \u00e0 proximit\u00e9 de la surface. Il se nourrit de petits poissons.<\/p>\n<p>C\u2019est un poisson qui mesure g\u00e9n\u00e9ralement de 30 \u00e0 50 cm, avec une taille maximum de 65 cm et un poids de 8 kg.<\/p>\n<p>Sa reproduction a lieu de novembre \u00e0 mai.<\/p>\n<p>Il est captur\u00e9 par diff\u00e9rents moyens : Chalut de fond, tr\u00e9mail et palangre.<\/p>\n<p>Sa chair est d\u2019excellente qualit\u00e9<\/p>\n","protected":false},"excerpt":{"rendered":"<p>Zeus faber<\/p>\n","protected":false},"featured_media":2137,"comment_status":"closed","ping_status":"closed","template":"","meta":[],"product_cat":[53],"product_tag":[],"yoast_head":"<!-- This site is optimized with the Yoast SEO plugin v20.9 - https:\/\/yoast.com\/wordpress\/plugins\/seo\/ -->\n<title>SAINT PIERRE - EUROPEIX<\/title>\n<meta name=\"robots\" content=\"index, follow, max-snippet:-1, max-image-preview:large, max-video-preview:-1\" \/>\n<link rel=\"canonical\" href=\"https:\/\/europeix.cat\/produit\/gall-san-pere\/\" \/>\n<meta name=\"twitter:label1\" content=\"Dur\u00e9e de lecture estim\u00e9e\" \/>\n\t<meta name=\"twitter:data1\" content=\"1 minute\" \/>\n<script type=\"application\/ld+json\" class=\"yoast-schema-graph\">{\"@context\":\"https:\/\/schema.org\",\"@graph\":[{\"@type\":\"WebPage\",\"@id\":\"https:\/\/europeix.cat\/produit\/gall-san-pere\/\",\"url\":\"https:\/\/europeix.cat\/produit\/gall-san-pere\/\",\"name\":\"SAINT PIERRE - EUROPEIX\",\"isPartOf\":{\"@id\":\"https:\/\/europeix.cat\/#website\"},\"datePublished\":\"2023-02-17T11:02:12+00:00\",\"dateModified\":\"2023-04-05T10:58:28+00:00\",\"breadcrumb\":{\"@id\":\"https:\/\/europeix.cat\/produit\/gall-san-pere\/#breadcrumb\"},\"inLanguage\":\"fr-FR\",\"potentialAction\":[{\"@type\":\"ReadAction\",\"target\":[\"https:\/\/europeix.cat\/produit\/gall-san-pere\/\"]}]},{\"@type\":\"BreadcrumbList\",\"@id\":\"https:\/\/europeix.cat\/produit\/gall-san-pere\/#breadcrumb\",\"itemListElement\":[{\"@type\":\"ListItem\",\"position\":1,\"name\":\"Portada\",\"item\":\"https:\/\/europeix.cat\/fr\/accueil\/\"},{\"@type\":\"ListItem\",\"position\":2,\"name\":\"Produits\",\"item\":\"https:\/\/europeix.cat\/fr\/produits\/\"},{\"@type\":\"ListItem\",\"position\":3,\"name\":\"SAINT PIERRE\"}]},{\"@type\":\"WebSite\",\"@id\":\"https:\/\/europeix.cat\/#website\",\"url\":\"https:\/\/europeix.cat\/\",\"name\":\"EUROPEIX\",\"description\":\"EUROPEIX\",\"potentialAction\":[{\"@type\":\"SearchAction\",\"target\":{\"@type\":\"EntryPoint\",\"urlTemplate\":\"https:\/\/europeix.cat\/?s={search_term_string}\"},\"query-input\":\"required name=search_term_string\"}],\"inLanguage\":\"fr-FR\"}]}<\/script>\n<!-- \/ Yoast SEO plugin. -->","yoast_head_json":{"title":"SAINT PIERRE - EUROPEIX","robots":{"index":"index","follow":"follow","max-snippet":"max-snippet:-1","max-image-preview":"max-image-preview:large","max-video-preview":"max-video-preview:-1"},"canonical":"https:\/\/europeix.cat\/produit\/gall-san-pere\/","twitter_misc":{"Dur\u00e9e de lecture estim\u00e9e":"1 minute"},"schema":{"@context":"https:\/\/schema.org","@graph":[{"@type":"WebPage","@id":"https:\/\/europeix.cat\/produit\/gall-san-pere\/","url":"https:\/\/europeix.cat\/produit\/gall-san-pere\/","name":"SAINT PIERRE - EUROPEIX","isPartOf":{"@id":"https:\/\/europeix.cat\/#website"},"datePublished":"2023-02-17T11:02:12+00:00","dateModified":"2023-04-05T10:58:28+00:00","breadcrumb":{"@id":"https:\/\/europeix.cat\/produit\/gall-san-pere\/#breadcrumb"},"inLanguage":"fr-FR","potentialAction":[{"@type":"ReadAction","target":["https:\/\/europeix.cat\/produit\/gall-san-pere\/"]}]},{"@type":"BreadcrumbList","@id":"https:\/\/europeix.cat\/produit\/gall-san-pere\/#breadcrumb","itemListElement":[{"@type":"ListItem","position":1,"name":"Portada","item":"https:\/\/europeix.cat\/fr\/accueil\/"},{"@type":"ListItem","position":2,"name":"Produits","item":"https:\/\/europeix.cat\/fr\/produits\/"},{"@type":"ListItem","position":3,"name":"SAINT PIERRE"}]},{"@type":"WebSite","@id":"https:\/\/europeix.cat\/#website","url":"https:\/\/europeix.cat\/","name":"EUROPEIX","description":"EUROPEIX","potentialAction":[{"@type":"SearchAction","target":{"@type":"EntryPoint","urlTemplate":"https:\/\/europeix.cat\/?s={search_term_string}"},"query-input":"required name=search_term_string"}],"inLanguage":"fr-FR"}]}},"_links":{"self":[{"href":"https:\/\/europeix.cat\/fr\/wp-json\/wp\/v2\/product\/1515"}],"collection":[{"href":"https:\/\/europeix.cat\/fr\/wp-json\/wp\/v2\/product"}],"about":[{"href":"https:\/\/europeix.cat\/fr\/wp-json\/wp\/v2\/types\/product"}],"replies":[{"embeddable":true,"href":"https:\/\/europeix.cat\/fr\/wp-json\/wp\/v2\/comments?post=1515"}],"wp:featuredmedia":[{"embeddable":true,"href":"https:\/\/europeix.cat\/fr\/wp-json\/wp\/v2\/media\/2137"}],"wp:attachment":[{"href":"https:\/\/europeix.cat\/fr\/wp-json\/wp\/v2\/media?parent=1515"}],"wp:term":[{"taxonomy":"product_cat","embeddable":true,"href":"https:\/\/europeix.cat\/fr\/wp-json\/wp\/v2\/product_cat?post=1515"},{"taxonomy":"product_tag","embeddable":true,"href":"https:\/\/europeix.cat\/fr\/wp-json\/wp\/v2\/product_tag?post=1515"}],"curies":[{"name":"wp","href":"https:\/\/api.w.org\/{rel}","templated":true}]}}

<p>Il s’agit d’un poisson au corps relativement court, haut, et comprimé latéralement, avec des mâchoires très proéminentes. Il est de couleur gris violacé avec des reflets argentés. Il a une grande tache noire au centre de chacun des flancs bordés par une bande circulaire blanche.</p>
<p>Il vit entre deux eaux, dans la zone côtière, à des profondeurs situées entre 10 et 50 mètres, mais il peut descendre jusqu’à 200 m, ou monter à proximité de la surface. Il se nourrit de petits poissons.</p>
<p>C’est un poisson qui mesure généralement de 30 à 50 cm, avec une taille maximum de 65 cm et un poids de 8 kg.</p>
<p>Sa reproduction a lieu de novembre à mai.</p>
<p>Il est capturé par différents moyens : Chalut de fond, trémail et palangre.</p>
<p>Sa chair est d’excellente qualité</p>

<!-- This site is optimized with the Yoast SEO plugin v20.9 - https://yoast.com/wordpress/plugins/seo/ -->
<title>SAINT PIERRE - EUROPEIX</title>
<meta name="robots" content="index, follow, max-snippet:-1, max-image-preview:large, max-video-preview:-1" />
<link rel="canonical" href="https://europeix.cat/produit/gall-san-pere/" />
<meta name="twitter:label1" content="Durée de lecture estimée" />
	<meta name="twitter:data1" content="1 minute" />
<script type="application/ld+json" class="yoast-schema-graph">{"@context":"https://schema.org","@graph":[{"@type":"WebPage","@id":"https://europeix.cat/produit/gall-san-pere/","url":"https://europeix.cat/produit/gall-san-pere/","name":"SAINT PIERRE - EUROPEIX","isPartOf":{"@id":"https://europeix.cat/#website"},"datePublished":"2023-02-17T11:02:12+00:00","dateModified":"2023-04-05T10:58:28+00:00","breadcrumb":{"@id":"https://europeix.cat/produit/gall-san-pere/#breadcrumb"},"inLanguage":"fr-FR","potentialAction":[{"@type":"ReadAction","target":["https://europeix.cat/produit/gall-san-pere/"]}]},{"@type":"BreadcrumbList","@id":"https://europeix.cat/produit/gall-san-pere/#breadcrumb","itemListElement":[{"@type":"ListItem","position":1,"name":"Portada","item":"https://europeix.cat/fr/accueil/"},{"@type":"ListItem","position":2,"name":"Produits","item":"https://europeix.cat/fr/produits/"},{"@type":"ListItem","position":3,"name":"SAINT PIERRE"}]},{"@type":"WebSite","@id":"https://europeix.cat/#website","url":"https://europeix.cat/","name":"EUROPEIX","description":"EUROPEIX","potentialAction":[{"@type":"SearchAction","target":{"@type":"EntryPoint","urlTemplate":"https://europeix.cat/?s={search_term_string}"},"query-input":"required name=search_term_string"}],"inLanguage":"fr-FR"}]}</script>
<!-- / Yoast SEO plugin. -->
