{"id":1507,"date":"2023-02-17T12:04:02","date_gmt":"2023-02-17T11:04:02","guid":{"rendered":"https:\/\/europeix.cat\/producto\/lluerna\/"},"modified":"2023-04-05T13:02:40","modified_gmt":"2023-04-05T11:02:40","slug":"grondin-perlon","status":"publish","type":"product","link":"https:\/\/europeix.cat\/fr\/produit\/grondin-perlon\/","title":{"rendered":"GRONDIN PERLON"},"content":{"rendered":"<p>Il s\u2019agit d\u2019un poisson au corps allong\u00e9 et \u00e0 la t\u00eate volumineuse, triangulaire, avec des cr\u00eates et des \u00e9pines.<\/p>\n<p>Une partie de ses nageoires pectorales agissent comme de longs doigts, adapt\u00e9s pour \u00ab cheminer \u00bb sur le fond ou pour chercher de la nourriture. L\u2019autre partie est large et pr\u00e9sente une coloration tr\u00e8s voyante, avec un fond grenat pourpre et de nombreuses taches de couleur bleu intense ; le dos est rouge\u00e2tre et le ventre et les flancs blanch\u00e2tres.<\/p>\n<p>Il vit sur des fonds de boue et de sable, situ\u00e9s entre 25 et 300 m de profondeur.<\/p>\n<p>C\u2019est un poisson qui mesure entre 20 et 35 cm de long et un poids de 6 kg.<\/p>\n<p>Sa reproduction a lieu de juin \u00e0 ao\u00fbt.<\/p>\n<p>Il est captur\u00e9 par diff\u00e9rents moyens : Chalut de fond, tr\u00e9mail et palangre.<\/p>\n","protected":false},"excerpt":{"rendered":"<p>Triglia lucerna<\/p>\n","protected":false},"featured_media":2073,"comment_status":"closed","ping_status":"closed","template":"","meta":[],"product_cat":[53],"product_tag":[],"yoast_head":"<!-- This site is optimized with the Yoast SEO plugin v20.9 - https:\/\/yoast.com\/wordpress\/plugins\/seo\/ -->\n<title>GRONDIN PERLON - EUROPEIX<\/title>\n<meta name=\"robots\" content=\"index, follow, max-snippet:-1, max-image-preview:large, max-video-preview:-1\" \/>\n<link rel=\"canonical\" href=\"https:\/\/europeix.cat\/produit\/lluerna\/\" \/>\n<meta name=\"twitter:label1\" content=\"Dur\u00e9e de lecture estim\u00e9e\" \/>\n\t<meta name=\"twitter:data1\" content=\"1 minute\" \/>\n<script type=\"application\/ld+json\" class=\"yoast-schema-graph\">{\"@context\":\"https:\/\/schema.org\",\"@graph\":[{\"@type\":\"WebPage\",\"@id\":\"https:\/\/europeix.cat\/produit\/lluerna\/\",\"url\":\"https:\/\/europeix.cat\/produit\/lluerna\/\",\"name\":\"GRONDIN PERLON - EUROPEIX\",\"isPartOf\":{\"@id\":\"https:\/\/europeix.cat\/#website\"},\"datePublished\":\"2023-02-17T11:04:02+00:00\",\"dateModified\":\"2023-04-05T11:02:40+00:00\",\"breadcrumb\":{\"@id\":\"https:\/\/europeix.cat\/produit\/lluerna\/#breadcrumb\"},\"inLanguage\":\"fr-FR\",\"potentialAction\":[{\"@type\":\"ReadAction\",\"target\":[\"https:\/\/europeix.cat\/produit\/lluerna\/\"]}]},{\"@type\":\"BreadcrumbList\",\"@id\":\"https:\/\/europeix.cat\/produit\/lluerna\/#breadcrumb\",\"itemListElement\":[{\"@type\":\"ListItem\",\"position\":1,\"name\":\"Portada\",\"item\":\"https:\/\/europeix.cat\/fr\/accueil\/\"},{\"@type\":\"ListItem\",\"position\":2,\"name\":\"Produits\",\"item\":\"https:\/\/europeix.cat\/fr\/produits\/\"},{\"@type\":\"ListItem\",\"position\":3,\"name\":\"GRONDIN PERLON\"}]},{\"@type\":\"WebSite\",\"@id\":\"https:\/\/europeix.cat\/#website\",\"url\":\"https:\/\/europeix.cat\/\",\"name\":\"EUROPEIX\",\"description\":\"EUROPEIX\",\"potentialAction\":[{\"@type\":\"SearchAction\",\"target\":{\"@type\":\"EntryPoint\",\"urlTemplate\":\"https:\/\/europeix.cat\/?s={search_term_string}\"},\"query-input\":\"required name=search_term_string\"}],\"inLanguage\":\"fr-FR\"}]}<\/script>\n<!-- \/ Yoast SEO plugin. -->","yoast_head_json":{"title":"GRONDIN PERLON - EUROPEIX","robots":{"index":"index","follow":"follow","max-snippet":"max-snippet:-1","max-image-preview":"max-image-preview:large","max-video-preview":"max-video-preview:-1"},"canonical":"https:\/\/europeix.cat\/produit\/lluerna\/","twitter_misc":{"Dur\u00e9e de lecture estim\u00e9e":"1 minute"},"schema":{"@context":"https:\/\/schema.org","@graph":[{"@type":"WebPage","@id":"https:\/\/europeix.cat\/produit\/lluerna\/","url":"https:\/\/europeix.cat\/produit\/lluerna\/","name":"GRONDIN PERLON - EUROPEIX","isPartOf":{"@id":"https:\/\/europeix.cat\/#website"},"datePublished":"2023-02-17T11:04:02+00:00","dateModified":"2023-04-05T11:02:40+00:00","breadcrumb":{"@id":"https:\/\/europeix.cat\/produit\/lluerna\/#breadcrumb"},"inLanguage":"fr-FR","potentialAction":[{"@type":"ReadAction","target":["https:\/\/europeix.cat\/produit\/lluerna\/"]}]},{"@type":"BreadcrumbList","@id":"https:\/\/europeix.cat\/produit\/lluerna\/#breadcrumb","itemListElement":[{"@type":"ListItem","position":1,"name":"Portada","item":"https:\/\/europeix.cat\/fr\/accueil\/"},{"@type":"ListItem","position":2,"name":"Produits","item":"https:\/\/europeix.cat\/fr\/produits\/"},{"@type":"ListItem","position":3,"name":"GRONDIN PERLON"}]},{"@type":"WebSite","@id":"https:\/\/europeix.cat\/#website","url":"https:\/\/europeix.cat\/","name":"EUROPEIX","description":"EUROPEIX","potentialAction":[{"@type":"SearchAction","target":{"@type":"EntryPoint","urlTemplate":"https:\/\/europeix.cat\/?s={search_term_string}"},"query-input":"required name=search_term_string"}],"inLanguage":"fr-FR"}]}},"_links":{"self":[{"href":"https:\/\/europeix.cat\/fr\/wp-json\/wp\/v2\/product\/1507"}],"collection":[{"href":"https:\/\/europeix.cat\/fr\/wp-json\/wp\/v2\/product"}],"about":[{"href":"https:\/\/europeix.cat\/fr\/wp-json\/wp\/v2\/types\/product"}],"replies":[{"embeddable":true,"href":"https:\/\/europeix.cat\/fr\/wp-json\/wp\/v2\/comments?post=1507"}],"wp:featuredmedia":[{"embeddable":true,"href":"https:\/\/europeix.cat\/fr\/wp-json\/wp\/v2\/media\/2073"}],"wp:attachment":[{"href":"https:\/\/europeix.cat\/fr\/wp-json\/wp\/v2\/media?parent=1507"}],"wp:term":[{"taxonomy":"product_cat","embeddable":true,"href":"https:\/\/europeix.cat\/fr\/wp-json\/wp\/v2\/product_cat?post=1507"},{"taxonomy":"product_tag","embeddable":true,"href":"https:\/\/europeix.cat\/fr\/wp-json\/wp\/v2\/product_tag?post=1507"}],"curies":[{"name":"wp","href":"https:\/\/api.w.org\/{rel}","templated":true}]}}

<p>Il s’agit d’un poisson au corps allongé et à la tête volumineuse, triangulaire, avec des crêtes et des épines.</p>
<p>Une partie de ses nageoires pectorales agissent comme de longs doigts, adaptés pour « cheminer » sur le fond ou pour chercher de la nourriture. L’autre partie est large et présente une coloration très voyante, avec un fond grenat pourpre et de nombreuses taches de couleur bleu intense ; le dos est rougeâtre et le ventre et les flancs blanchâtres.</p>
<p>Il vit sur des fonds de boue et de sable, situés entre 25 et 300 m de profondeur.</p>
<p>C’est un poisson qui mesure entre 20 et 35 cm de long et un poids de 6 kg.</p>
<p>Sa reproduction a lieu de juin à août.</p>
<p>Il est capturé par différents moyens : Chalut de fond, trémail et palangre.</p>

<!-- This site is optimized with the Yoast SEO plugin v20.9 - https://yoast.com/wordpress/plugins/seo/ -->
<title>GRONDIN PERLON - EUROPEIX</title>
<meta name="robots" content="index, follow, max-snippet:-1, max-image-preview:large, max-video-preview:-1" />
<link rel="canonical" href="https://europeix.cat/produit/lluerna/" />
<meta name="twitter:label1" content="Durée de lecture estimée" />
	<meta name="twitter:data1" content="1 minute" />
<script type="application/ld+json" class="yoast-schema-graph">{"@context":"https://schema.org","@graph":[{"@type":"WebPage","@id":"https://europeix.cat/produit/lluerna/","url":"https://europeix.cat/produit/lluerna/","name":"GRONDIN PERLON - EUROPEIX","isPartOf":{"@id":"https://europeix.cat/#website"},"datePublished":"2023-02-17T11:04:02+00:00","dateModified":"2023-04-05T11:02:40+00:00","breadcrumb":{"@id":"https://europeix.cat/produit/lluerna/#breadcrumb"},"inLanguage":"fr-FR","potentialAction":[{"@type":"ReadAction","target":["https://europeix.cat/produit/lluerna/"]}]},{"@type":"BreadcrumbList","@id":"https://europeix.cat/produit/lluerna/#breadcrumb","itemListElement":[{"@type":"ListItem","position":1,"name":"Portada","item":"https://europeix.cat/fr/accueil/"},{"@type":"ListItem","position":2,"name":"Produits","item":"https://europeix.cat/fr/produits/"},{"@type":"ListItem","position":3,"name":"GRONDIN PERLON"}]},{"@type":"WebSite","@id":"https://europeix.cat/#website","url":"https://europeix.cat/","name":"EUROPEIX","description":"EUROPEIX","potentialAction":[{"@type":"SearchAction","target":{"@type":"EntryPoint","urlTemplate":"https://europeix.cat/?s={search_term_string}"},"query-input":"required name=search_term_string"}],"inLanguage":"fr-FR"}]}</script>
<!-- / Yoast SEO plugin. -->
