{"id":1503,"date":"2023-02-17T12:04:35","date_gmt":"2023-02-17T11:04:35","guid":{"rendered":"https:\/\/europeix.cat\/producto\/mabre\/"},"modified":"2023-04-05T13:05:05","modified_gmt":"2023-04-05T11:05:05","slug":"marbre","status":"publish","type":"product","link":"https:\/\/europeix.cat\/fr\/produit\/marbre\/","title":{"rendered":"MARBRE"},"content":{"rendered":"<p>Il s\u2019agit d\u2019un poisson au corps ovale et comprim\u00e9, avec une grande bouche et le nez l\u00e9g\u00e8rement pointu avec des l\u00e8vres \u00e9paisses et de petits yeux. De couleur gris argent\u00e9, il se reconnait par ses bandes transversales de couleur gris noir\u00e2tre.<\/p>\n<p>Il ne vit pas dans de grandes profondeurs, il pr\u00e9f\u00e8re les fonds sableux ou d\u2019algues, que les fonds rocheux. Il se nourrit de vers, de mollusques et de petits crustac\u00e9s.<\/p>\n<p>Sa longueur la plus courante est de 15 \u00e0 30 cm, il peut atteindre 55 cm de longueur.<\/p>\n<p>Sa reproduction a lieu au printemps et en \u00e9t\u00e9.<\/p>\n<p>Il est captur\u00e9 par diff\u00e9rents moyens : Senne et tr\u00e9mail.<\/p>\n<p>Poisson blanc \u00e0 chair savoureuse, apporte une haute teneur en prot\u00e9ines. En raison de sa faible teneur en hydrates de carbone et en graisses, sa consommation est particuli\u00e8rement adapt\u00e9e aux r\u00e9gimes faibles en calories.<\/p>\n","protected":false},"excerpt":{"rendered":"<p>Lithognathus mormyrus<\/p>\n","protected":false},"featured_media":2078,"comment_status":"closed","ping_status":"closed","template":"","meta":[],"product_cat":[53],"product_tag":[],"yoast_head":"<!-- This site is optimized with the Yoast SEO plugin v20.9 - https:\/\/yoast.com\/wordpress\/plugins\/seo\/ -->\n<title>MARBRE - EUROPEIX<\/title>\n<meta name=\"robots\" content=\"index, follow, max-snippet:-1, max-image-preview:large, max-video-preview:-1\" \/>\n<link rel=\"canonical\" href=\"https:\/\/europeix.cat\/produit\/mabre\/\" \/>\n<meta name=\"twitter:label1\" content=\"Dur\u00e9e de lecture estim\u00e9e\" \/>\n\t<meta name=\"twitter:data1\" content=\"1 minute\" \/>\n<script type=\"application\/ld+json\" class=\"yoast-schema-graph\">{\"@context\":\"https:\/\/schema.org\",\"@graph\":[{\"@type\":\"WebPage\",\"@id\":\"https:\/\/europeix.cat\/produit\/mabre\/\",\"url\":\"https:\/\/europeix.cat\/produit\/mabre\/\",\"name\":\"MARBRE - EUROPEIX\",\"isPartOf\":{\"@id\":\"https:\/\/europeix.cat\/#website\"},\"datePublished\":\"2023-02-17T11:04:35+00:00\",\"dateModified\":\"2023-04-05T11:05:05+00:00\",\"breadcrumb\":{\"@id\":\"https:\/\/europeix.cat\/produit\/mabre\/#breadcrumb\"},\"inLanguage\":\"fr-FR\",\"potentialAction\":[{\"@type\":\"ReadAction\",\"target\":[\"https:\/\/europeix.cat\/produit\/mabre\/\"]}]},{\"@type\":\"BreadcrumbList\",\"@id\":\"https:\/\/europeix.cat\/produit\/mabre\/#breadcrumb\",\"itemListElement\":[{\"@type\":\"ListItem\",\"position\":1,\"name\":\"Portada\",\"item\":\"https:\/\/europeix.cat\/fr\/accueil\/\"},{\"@type\":\"ListItem\",\"position\":2,\"name\":\"Produits\",\"item\":\"https:\/\/europeix.cat\/fr\/produits\/\"},{\"@type\":\"ListItem\",\"position\":3,\"name\":\"MARBRE\"}]},{\"@type\":\"WebSite\",\"@id\":\"https:\/\/europeix.cat\/#website\",\"url\":\"https:\/\/europeix.cat\/\",\"name\":\"EUROPEIX\",\"description\":\"EUROPEIX\",\"potentialAction\":[{\"@type\":\"SearchAction\",\"target\":{\"@type\":\"EntryPoint\",\"urlTemplate\":\"https:\/\/europeix.cat\/?s={search_term_string}\"},\"query-input\":\"required name=search_term_string\"}],\"inLanguage\":\"fr-FR\"}]}<\/script>\n<!-- \/ Yoast SEO plugin. -->","yoast_head_json":{"title":"MARBRE - EUROPEIX","robots":{"index":"index","follow":"follow","max-snippet":"max-snippet:-1","max-image-preview":"max-image-preview:large","max-video-preview":"max-video-preview:-1"},"canonical":"https:\/\/europeix.cat\/produit\/mabre\/","twitter_misc":{"Dur\u00e9e de lecture estim\u00e9e":"1 minute"},"schema":{"@context":"https:\/\/schema.org","@graph":[{"@type":"WebPage","@id":"https:\/\/europeix.cat\/produit\/mabre\/","url":"https:\/\/europeix.cat\/produit\/mabre\/","name":"MARBRE - EUROPEIX","isPartOf":{"@id":"https:\/\/europeix.cat\/#website"},"datePublished":"2023-02-17T11:04:35+00:00","dateModified":"2023-04-05T11:05:05+00:00","breadcrumb":{"@id":"https:\/\/europeix.cat\/produit\/mabre\/#breadcrumb"},"inLanguage":"fr-FR","potentialAction":[{"@type":"ReadAction","target":["https:\/\/europeix.cat\/produit\/mabre\/"]}]},{"@type":"BreadcrumbList","@id":"https:\/\/europeix.cat\/produit\/mabre\/#breadcrumb","itemListElement":[{"@type":"ListItem","position":1,"name":"Portada","item":"https:\/\/europeix.cat\/fr\/accueil\/"},{"@type":"ListItem","position":2,"name":"Produits","item":"https:\/\/europeix.cat\/fr\/produits\/"},{"@type":"ListItem","position":3,"name":"MARBRE"}]},{"@type":"WebSite","@id":"https:\/\/europeix.cat\/#website","url":"https:\/\/europeix.cat\/","name":"EUROPEIX","description":"EUROPEIX","potentialAction":[{"@type":"SearchAction","target":{"@type":"EntryPoint","urlTemplate":"https:\/\/europeix.cat\/?s={search_term_string}"},"query-input":"required name=search_term_string"}],"inLanguage":"fr-FR"}]}},"_links":{"self":[{"href":"https:\/\/europeix.cat\/fr\/wp-json\/wp\/v2\/product\/1503"}],"collection":[{"href":"https:\/\/europeix.cat\/fr\/wp-json\/wp\/v2\/product"}],"about":[{"href":"https:\/\/europeix.cat\/fr\/wp-json\/wp\/v2\/types\/product"}],"replies":[{"embeddable":true,"href":"https:\/\/europeix.cat\/fr\/wp-json\/wp\/v2\/comments?post=1503"}],"wp:featuredmedia":[{"embeddable":true,"href":"https:\/\/europeix.cat\/fr\/wp-json\/wp\/v2\/media\/2078"}],"wp:attachment":[{"href":"https:\/\/europeix.cat\/fr\/wp-json\/wp\/v2\/media?parent=1503"}],"wp:term":[{"taxonomy":"product_cat","embeddable":true,"href":"https:\/\/europeix.cat\/fr\/wp-json\/wp\/v2\/product_cat?post=1503"},{"taxonomy":"product_tag","embeddable":true,"href":"https:\/\/europeix.cat\/fr\/wp-json\/wp\/v2\/product_tag?post=1503"}],"curies":[{"name":"wp","href":"https:\/\/api.w.org\/{rel}","templated":true}]}}

<p>Il s’agit d’un poisson au corps ovale et comprimé, avec une grande bouche et le nez légèrement pointu avec des lèvres épaisses et de petits yeux. De couleur gris argenté, il se reconnait par ses bandes transversales de couleur gris noirâtre.</p>
<p>Il ne vit pas dans de grandes profondeurs, il préfère les fonds sableux ou d’algues, que les fonds rocheux. Il se nourrit de vers, de mollusques et de petits crustacés.</p>
<p>Sa longueur la plus courante est de 15 à 30 cm, il peut atteindre 55 cm de longueur.</p>
<p>Sa reproduction a lieu au printemps et en été.</p>
<p>Il est capturé par différents moyens : Senne et trémail.</p>
<p>Poisson blanc à chair savoureuse, apporte une haute teneur en protéines. En raison de sa faible teneur en hydrates de carbone et en graisses, sa consommation est particulièrement adaptée aux régimes faibles en calories.</p>

<!-- This site is optimized with the Yoast SEO plugin v20.9 - https://yoast.com/wordpress/plugins/seo/ -->
<title>MARBRE - EUROPEIX</title>
<meta name="robots" content="index, follow, max-snippet:-1, max-image-preview:large, max-video-preview:-1" />
<link rel="canonical" href="https://europeix.cat/produit/mabre/" />
<meta name="twitter:label1" content="Durée de lecture estimée" />
	<meta name="twitter:data1" content="1 minute" />
<script type="application/ld+json" class="yoast-schema-graph">{"@context":"https://schema.org","@graph":[{"@type":"WebPage","@id":"https://europeix.cat/produit/mabre/","url":"https://europeix.cat/produit/mabre/","name":"MARBRE - EUROPEIX","isPartOf":{"@id":"https://europeix.cat/#website"},"datePublished":"2023-02-17T11:04:35+00:00","dateModified":"2023-04-05T11:05:05+00:00","breadcrumb":{"@id":"https://europeix.cat/produit/mabre/#breadcrumb"},"inLanguage":"fr-FR","potentialAction":[{"@type":"ReadAction","target":["https://europeix.cat/produit/mabre/"]}]},{"@type":"BreadcrumbList","@id":"https://europeix.cat/produit/mabre/#breadcrumb","itemListElement":[{"@type":"ListItem","position":1,"name":"Portada","item":"https://europeix.cat/fr/accueil/"},{"@type":"ListItem","position":2,"name":"Produits","item":"https://europeix.cat/fr/produits/"},{"@type":"ListItem","position":3,"name":"MARBRE"}]},{"@type":"WebSite","@id":"https://europeix.cat/#website","url":"https://europeix.cat/","name":"EUROPEIX","description":"EUROPEIX","potentialAction":[{"@type":"SearchAction","target":{"@type":"EntryPoint","urlTemplate":"https://europeix.cat/?s={search_term_string}"},"query-input":"required name=search_term_string"}],"inLanguage":"fr-FR"}]}</script>
<!-- / Yoast SEO plugin. -->
