{"id":1437,"date":"2023-02-17T12:07:08","date_gmt":"2023-02-17T11:07:08","guid":{"rendered":"https:\/\/europeix.cat\/producto\/pagell\/"},"modified":"2023-04-05T13:18:46","modified_gmt":"2023-04-05T11:18:46","slug":"pegeot","status":"publish","type":"product","link":"https:\/\/europeix.cat\/fr\/produit\/pegeot\/","title":{"rendered":"PEGEOT"},"content":{"rendered":"<p>Il s\u2019agit d\u2019un poisson au nez pointu ayant une grande bouche, avec l\u2019int\u00e9rieur de la bouche noir, les yeux petits et ovales. Il est de couleur gris orang\u00e9 avec une bande rouge \u00e0 l\u2019entr\u00e9e des branchies et des taches bleues sur la partie sup\u00e9rieure.<\/p>\n<p>Il vit dans des fonds sableux ou vaseux qui se situent habituellement entre 20 et 100 m de profondeur, pr\u00e8s de la c\u00f4te. Il est omnivore et se nourrit d\u2019invert\u00e9br\u00e9s et de petits poissons.<\/p>\n<p>Sa longueur oscille entre 20 et 40 cm, avec un maximum de 44 \u00e0 60 cm de long.<\/p>\n<p>Sa reproduction a lieu entre le printemps et l\u2019automne. Sa p\u00eache a lieu de d\u00e9cembre \u00e0 avril.<\/p>\n<p>Il est captur\u00e9 par diff\u00e9rents moyens : Chalut de fond, senne, tr\u00e9mail et palangre.<\/p>\n<p>Poisson blanc, sa chair est tendre, d\u00e9licate et tr\u00e8s appr\u00e9ci\u00e9e. Il se distingue par sa teneur en prot\u00e9ines et son apport en min\u00e9raux (phosphore, potassium).<\/p>\n","protected":false},"excerpt":{"rendered":"<p>Pagellus erythrinus<\/p>\n","protected":false},"featured_media":2098,"comment_status":"closed","ping_status":"closed","template":"","meta":[],"product_cat":[53],"product_tag":[],"yoast_head":"<!-- This site is optimized with the Yoast SEO plugin v20.9 - https:\/\/yoast.com\/wordpress\/plugins\/seo\/ -->\n<title>PEGEOT - EUROPEIX<\/title>\n<meta name=\"robots\" content=\"index, follow, max-snippet:-1, max-image-preview:large, max-video-preview:-1\" \/>\n<link rel=\"canonical\" href=\"https:\/\/europeix.cat\/produit\/pagell\/\" \/>\n<meta name=\"twitter:label1\" content=\"Dur\u00e9e de lecture estim\u00e9e\" \/>\n\t<meta name=\"twitter:data1\" content=\"1 minute\" \/>\n<script type=\"application\/ld+json\" class=\"yoast-schema-graph\">{\"@context\":\"https:\/\/schema.org\",\"@graph\":[{\"@type\":\"WebPage\",\"@id\":\"https:\/\/europeix.cat\/produit\/pagell\/\",\"url\":\"https:\/\/europeix.cat\/produit\/pagell\/\",\"name\":\"PEGEOT - EUROPEIX\",\"isPartOf\":{\"@id\":\"https:\/\/europeix.cat\/#website\"},\"datePublished\":\"2023-02-17T11:07:08+00:00\",\"dateModified\":\"2023-04-05T11:18:46+00:00\",\"breadcrumb\":{\"@id\":\"https:\/\/europeix.cat\/produit\/pagell\/#breadcrumb\"},\"inLanguage\":\"fr-FR\",\"potentialAction\":[{\"@type\":\"ReadAction\",\"target\":[\"https:\/\/europeix.cat\/produit\/pagell\/\"]}]},{\"@type\":\"BreadcrumbList\",\"@id\":\"https:\/\/europeix.cat\/produit\/pagell\/#breadcrumb\",\"itemListElement\":[{\"@type\":\"ListItem\",\"position\":1,\"name\":\"Portada\",\"item\":\"https:\/\/europeix.cat\/fr\/accueil\/\"},{\"@type\":\"ListItem\",\"position\":2,\"name\":\"Produits\",\"item\":\"https:\/\/europeix.cat\/fr\/produits\/\"},{\"@type\":\"ListItem\",\"position\":3,\"name\":\"PEGEOT\"}]},{\"@type\":\"WebSite\",\"@id\":\"https:\/\/europeix.cat\/#website\",\"url\":\"https:\/\/europeix.cat\/\",\"name\":\"EUROPEIX\",\"description\":\"EUROPEIX\",\"potentialAction\":[{\"@type\":\"SearchAction\",\"target\":{\"@type\":\"EntryPoint\",\"urlTemplate\":\"https:\/\/europeix.cat\/?s={search_term_string}\"},\"query-input\":\"required name=search_term_string\"}],\"inLanguage\":\"fr-FR\"}]}<\/script>\n<!-- \/ Yoast SEO plugin. -->","yoast_head_json":{"title":"PEGEOT - EUROPEIX","robots":{"index":"index","follow":"follow","max-snippet":"max-snippet:-1","max-image-preview":"max-image-preview:large","max-video-preview":"max-video-preview:-1"},"canonical":"https:\/\/europeix.cat\/produit\/pagell\/","twitter_misc":{"Dur\u00e9e de lecture estim\u00e9e":"1 minute"},"schema":{"@context":"https:\/\/schema.org","@graph":[{"@type":"WebPage","@id":"https:\/\/europeix.cat\/produit\/pagell\/","url":"https:\/\/europeix.cat\/produit\/pagell\/","name":"PEGEOT - EUROPEIX","isPartOf":{"@id":"https:\/\/europeix.cat\/#website"},"datePublished":"2023-02-17T11:07:08+00:00","dateModified":"2023-04-05T11:18:46+00:00","breadcrumb":{"@id":"https:\/\/europeix.cat\/produit\/pagell\/#breadcrumb"},"inLanguage":"fr-FR","potentialAction":[{"@type":"ReadAction","target":["https:\/\/europeix.cat\/produit\/pagell\/"]}]},{"@type":"BreadcrumbList","@id":"https:\/\/europeix.cat\/produit\/pagell\/#breadcrumb","itemListElement":[{"@type":"ListItem","position":1,"name":"Portada","item":"https:\/\/europeix.cat\/fr\/accueil\/"},{"@type":"ListItem","position":2,"name":"Produits","item":"https:\/\/europeix.cat\/fr\/produits\/"},{"@type":"ListItem","position":3,"name":"PEGEOT"}]},{"@type":"WebSite","@id":"https:\/\/europeix.cat\/#website","url":"https:\/\/europeix.cat\/","name":"EUROPEIX","description":"EUROPEIX","potentialAction":[{"@type":"SearchAction","target":{"@type":"EntryPoint","urlTemplate":"https:\/\/europeix.cat\/?s={search_term_string}"},"query-input":"required name=search_term_string"}],"inLanguage":"fr-FR"}]}},"_links":{"self":[{"href":"https:\/\/europeix.cat\/fr\/wp-json\/wp\/v2\/product\/1437"}],"collection":[{"href":"https:\/\/europeix.cat\/fr\/wp-json\/wp\/v2\/product"}],"about":[{"href":"https:\/\/europeix.cat\/fr\/wp-json\/wp\/v2\/types\/product"}],"replies":[{"embeddable":true,"href":"https:\/\/europeix.cat\/fr\/wp-json\/wp\/v2\/comments?post=1437"}],"wp:featuredmedia":[{"embeddable":true,"href":"https:\/\/europeix.cat\/fr\/wp-json\/wp\/v2\/media\/2098"}],"wp:attachment":[{"href":"https:\/\/europeix.cat\/fr\/wp-json\/wp\/v2\/media?parent=1437"}],"wp:term":[{"taxonomy":"product_cat","embeddable":true,"href":"https:\/\/europeix.cat\/fr\/wp-json\/wp\/v2\/product_cat?post=1437"},{"taxonomy":"product_tag","embeddable":true,"href":"https:\/\/europeix.cat\/fr\/wp-json\/wp\/v2\/product_tag?post=1437"}],"curies":[{"name":"wp","href":"https:\/\/api.w.org\/{rel}","templated":true}]}}

<p>Il s’agit d’un poisson au nez pointu ayant une grande bouche, avec l’intérieur de la bouche noir, les yeux petits et ovales. Il est de couleur gris orangé avec une bande rouge à l’entrée des branchies et des taches bleues sur la partie supérieure.</p>
<p>Il vit dans des fonds sableux ou vaseux qui se situent habituellement entre 20 et 100 m de profondeur, près de la côte. Il est omnivore et se nourrit d’invertébrés et de petits poissons.</p>
<p>Sa longueur oscille entre 20 et 40 cm, avec un maximum de 44 à 60 cm de long.</p>
<p>Sa reproduction a lieu entre le printemps et l’automne. Sa pêche a lieu de décembre à avril.</p>
<p>Il est capturé par différents moyens : Chalut de fond, senne, trémail et palangre.</p>
<p>Poisson blanc, sa chair est tendre, délicate et très appréciée. Il se distingue par sa teneur en protéines et son apport en minéraux (phosphore, potassium).</p>

<!-- This site is optimized with the Yoast SEO plugin v20.9 - https://yoast.com/wordpress/plugins/seo/ -->
<title>PEGEOT - EUROPEIX</title>
<meta name="robots" content="index, follow, max-snippet:-1, max-image-preview:large, max-video-preview:-1" />
<link rel="canonical" href="https://europeix.cat/produit/pagell/" />
<meta name="twitter:label1" content="Durée de lecture estimée" />
	<meta name="twitter:data1" content="1 minute" />
<script type="application/ld+json" class="yoast-schema-graph">{"@context":"https://schema.org","@graph":[{"@type":"WebPage","@id":"https://europeix.cat/produit/pagell/","url":"https://europeix.cat/produit/pagell/","name":"PEGEOT - EUROPEIX","isPartOf":{"@id":"https://europeix.cat/#website"},"datePublished":"2023-02-17T11:07:08+00:00","dateModified":"2023-04-05T11:18:46+00:00","breadcrumb":{"@id":"https://europeix.cat/produit/pagell/#breadcrumb"},"inLanguage":"fr-FR","potentialAction":[{"@type":"ReadAction","target":["https://europeix.cat/produit/pagell/"]}]},{"@type":"BreadcrumbList","@id":"https://europeix.cat/produit/pagell/#breadcrumb","itemListElement":[{"@type":"ListItem","position":1,"name":"Portada","item":"https://europeix.cat/fr/accueil/"},{"@type":"ListItem","position":2,"name":"Produits","item":"https://europeix.cat/fr/produits/"},{"@type":"ListItem","position":3,"name":"PEGEOT"}]},{"@type":"WebSite","@id":"https://europeix.cat/#website","url":"https://europeix.cat/","name":"EUROPEIX","description":"EUROPEIX","potentialAction":[{"@type":"SearchAction","target":{"@type":"EntryPoint","urlTemplate":"https://europeix.cat/?s={search_term_string}"},"query-input":"required name=search_term_string"}],"inLanguage":"fr-FR"}]}</script>
<!-- / Yoast SEO plugin. -->
