{"id":1247,"date":"2023-02-17T12:46:11","date_gmt":"2023-02-17T11:46:11","guid":{"rendered":"https:\/\/europeix.cat\/producto\/verat\/"},"modified":"2023-04-05T17:05:45","modified_gmt":"2023-04-05T15:05:45","slug":"maquereau-commun","status":"publish","type":"product","link":"https:\/\/europeix.cat\/fr\/produit\/maquereau-commun\/","title":{"rendered":"MAQUEREAU COMMUN"},"content":{"rendered":"<p>C&rsquo;est un poisson au corps allong\u00e9 et rond.<\/p>\n<p>La couleur du dos est bleu-vert vif, les flancs sont m\u00e9talliques et le ventre est blanc, sans aucune tache.<\/p>\n<p>Sa taille ne d\u00e9passe g\u00e9n\u00e9ralement pas 30 cm.<\/p>\n<p>Il vit \u00e0 environ 250 m\u00e8tres, remontant souvent \u00e0 la surface pour chasser.<\/p>\n<p>Il se nourrit d&rsquo;esp\u00e8ces palalogues, de petits poissons, de c\u00e9phalopodes et de crustac\u00e9s.<\/p>\n<p>Il est p\u00each\u00e9 selon diff\u00e9rentes m\u00e9thodes de p\u00eache : Encerclement, chalutage, tra\u00eene et palangre.<\/p>\n","protected":false},"excerpt":{"rendered":"<p>Scomber scombrus<\/p>\n","protected":false},"featured_media":1846,"comment_status":"closed","ping_status":"closed","template":"","meta":[],"product_cat":[53],"product_tag":[],"yoast_head":"<!-- This site is optimized with the Yoast SEO plugin v20.9 - https:\/\/yoast.com\/wordpress\/plugins\/seo\/ -->\n<title>MAQUEREAU COMMUN - EUROPEIX<\/title>\n<meta name=\"robots\" content=\"index, follow, max-snippet:-1, max-image-preview:large, max-video-preview:-1\" \/>\n<link rel=\"canonical\" href=\"https:\/\/europeix.cat\/produit\/verat\/\" \/>\n<script type=\"application\/ld+json\" class=\"yoast-schema-graph\">{\"@context\":\"https:\/\/schema.org\",\"@graph\":[{\"@type\":\"WebPage\",\"@id\":\"https:\/\/europeix.cat\/produit\/verat\/\",\"url\":\"https:\/\/europeix.cat\/produit\/verat\/\",\"name\":\"MAQUEREAU COMMUN - EUROPEIX\",\"isPartOf\":{\"@id\":\"https:\/\/europeix.cat\/#website\"},\"datePublished\":\"2023-02-17T11:46:11+00:00\",\"dateModified\":\"2023-04-05T15:05:45+00:00\",\"breadcrumb\":{\"@id\":\"https:\/\/europeix.cat\/produit\/verat\/#breadcrumb\"},\"inLanguage\":\"fr-FR\",\"potentialAction\":[{\"@type\":\"ReadAction\",\"target\":[\"https:\/\/europeix.cat\/produit\/verat\/\"]}]},{\"@type\":\"BreadcrumbList\",\"@id\":\"https:\/\/europeix.cat\/produit\/verat\/#breadcrumb\",\"itemListElement\":[{\"@type\":\"ListItem\",\"position\":1,\"name\":\"Portada\",\"item\":\"https:\/\/europeix.cat\/fr\/accueil\/\"},{\"@type\":\"ListItem\",\"position\":2,\"name\":\"Produits\",\"item\":\"https:\/\/europeix.cat\/fr\/produits\/\"},{\"@type\":\"ListItem\",\"position\":3,\"name\":\"MAQUEREAU COMMUN\"}]},{\"@type\":\"WebSite\",\"@id\":\"https:\/\/europeix.cat\/#website\",\"url\":\"https:\/\/europeix.cat\/\",\"name\":\"EUROPEIX\",\"description\":\"EUROPEIX\",\"potentialAction\":[{\"@type\":\"SearchAction\",\"target\":{\"@type\":\"EntryPoint\",\"urlTemplate\":\"https:\/\/europeix.cat\/?s={search_term_string}\"},\"query-input\":\"required name=search_term_string\"}],\"inLanguage\":\"fr-FR\"}]}<\/script>\n<!-- \/ Yoast SEO plugin. -->","yoast_head_json":{"title":"MAQUEREAU COMMUN - EUROPEIX","robots":{"index":"index","follow":"follow","max-snippet":"max-snippet:-1","max-image-preview":"max-image-preview:large","max-video-preview":"max-video-preview:-1"},"canonical":"https:\/\/europeix.cat\/produit\/verat\/","schema":{"@context":"https:\/\/schema.org","@graph":[{"@type":"WebPage","@id":"https:\/\/europeix.cat\/produit\/verat\/","url":"https:\/\/europeix.cat\/produit\/verat\/","name":"MAQUEREAU COMMUN - EUROPEIX","isPartOf":{"@id":"https:\/\/europeix.cat\/#website"},"datePublished":"2023-02-17T11:46:11+00:00","dateModified":"2023-04-05T15:05:45+00:00","breadcrumb":{"@id":"https:\/\/europeix.cat\/produit\/verat\/#breadcrumb"},"inLanguage":"fr-FR","potentialAction":[{"@type":"ReadAction","target":["https:\/\/europeix.cat\/produit\/verat\/"]}]},{"@type":"BreadcrumbList","@id":"https:\/\/europeix.cat\/produit\/verat\/#breadcrumb","itemListElement":[{"@type":"ListItem","position":1,"name":"Portada","item":"https:\/\/europeix.cat\/fr\/accueil\/"},{"@type":"ListItem","position":2,"name":"Produits","item":"https:\/\/europeix.cat\/fr\/produits\/"},{"@type":"ListItem","position":3,"name":"MAQUEREAU COMMUN"}]},{"@type":"WebSite","@id":"https:\/\/europeix.cat\/#website","url":"https:\/\/europeix.cat\/","name":"EUROPEIX","description":"EUROPEIX","potentialAction":[{"@type":"SearchAction","target":{"@type":"EntryPoint","urlTemplate":"https:\/\/europeix.cat\/?s={search_term_string}"},"query-input":"required name=search_term_string"}],"inLanguage":"fr-FR"}]}},"_links":{"self":[{"href":"https:\/\/europeix.cat\/fr\/wp-json\/wp\/v2\/product\/1247"}],"collection":[{"href":"https:\/\/europeix.cat\/fr\/wp-json\/wp\/v2\/product"}],"about":[{"href":"https:\/\/europeix.cat\/fr\/wp-json\/wp\/v2\/types\/product"}],"replies":[{"embeddable":true,"href":"https:\/\/europeix.cat\/fr\/wp-json\/wp\/v2\/comments?post=1247"}],"wp:featuredmedia":[{"embeddable":true,"href":"https:\/\/europeix.cat\/fr\/wp-json\/wp\/v2\/media\/1846"}],"wp:attachment":[{"href":"https:\/\/europeix.cat\/fr\/wp-json\/wp\/v2\/media?parent=1247"}],"wp:term":[{"taxonomy":"product_cat","embeddable":true,"href":"https:\/\/europeix.cat\/fr\/wp-json\/wp\/v2\/product_cat?post=1247"},{"taxonomy":"product_tag","embeddable":true,"href":"https:\/\/europeix.cat\/fr\/wp-json\/wp\/v2\/product_tag?post=1247"}],"curies":[{"name":"wp","href":"https:\/\/api.w.org\/{rel}","templated":true}]}}

<p>C&rsquo;est un poisson au corps allongé et rond.</p>
<p>La couleur du dos est bleu-vert vif, les flancs sont métalliques et le ventre est blanc, sans aucune tache.</p>
<p>Sa taille ne dépasse généralement pas 30 cm.</p>
<p>Il vit à environ 250 mètres, remontant souvent à la surface pour chasser.</p>
<p>Il se nourrit d&rsquo;espèces palalogues, de petits poissons, de céphalopodes et de crustacés.</p>
<p>Il est pêché selon différentes méthodes de pêche : Encerclement, chalutage, traîne et palangre.</p>
